{"id":371,"date":"2023-11-17T08:26:46","date_gmt":"2023-11-17T08:26:46","guid":{"rendered":"http:\/\/infoglobaldys.com.tr\/?page_id=371"},"modified":"2023-11-21T13:00:38","modified_gmt":"2023-11-21T13:00:38","slug":"etkinlik","status":"publish","type":"page","link":"http:\/\/infoglobaldys.com.tr\/index.php\/etkinlik\/","title":{"rendered":"ETK\u0130NL\u0130K"},"content":{"rendered":"\n<h3 class=\"wp-block-heading has-text-align-center\">ETK\u0130NL\u0130K<\/h3>\n\n\n\n<h5 class=\"wp-block-heading\">INFO GLOBAL DYS \u015firketi belirledi\u011fi hedefe emin ad\u0131mlarla ilerlerken devlerin bulu\u015ftu\u011fu tekstil fuar\u0131nda yerini alm\u0131\u015ft\u0131r. Fuarda alan ve stant sunumu ile geni\u015f m\u00fc\u015fteri kitlesine hitap ederken ayn\u0131 zamanda fuara \u00f6zel haz\u0131rlanan koleksiyon defilede seyircilerin de\u011ferli g\u00f6r\u00fc\u015flerine sunulmu\u015ftur.<\/h5>\n\n\n\n<div class=\"wp-block-columns is-layout-flex wp-container-core-columns-layout-2 wp-block-columns-is-layout-flex\">\n<div class=\"wp-block-column is-layout-flow wp-block-column-is-layout-flow\" style=\"flex-basis:100%\">\n<div class=\"wp-block-columns is-layout-flex wp-container-core-columns-layout-1 wp-block-columns-is-layout-flex\">\n<div class=\"wp-block-column is-layout-flow wp-block-column-is-layout-flow\" style=\"flex-basis:25%\"><\/div>\n\n\n\n<div class=\"wp-block-column is-layout-flow wp-block-column-is-layout-flow\" style=\"flex-basis:50%\">\n<figure class=\"wp-block-video\"><video controls src=\"http:\/\/infoglobaldys.com.tr\/wp-content\/uploads\/2023\/11\/IMG_1597-2-4.mov\"><\/video><\/figure>\n<\/div>\n\n\n\n<div class=\"wp-block-column is-layout-flow wp-block-column-is-layout-flow\" style=\"flex-basis:25%\"><\/div>\n<\/div>\n<\/div>\n<\/div>\n\n\n\n<div class=\"wp-block-columns alignfull is-layout-flex wp-container-core-columns-layout-4 wp-block-columns-is-layout-flex\">\n<div class=\"wp-block-column is-layout-flow wp-block-column-is-layout-flow\" style=\"flex-basis:100%\">\n<div class=\"wp-block-columns is-layout-flex wp-container-core-columns-layout-3 wp-block-columns-is-layout-flex\">\n<div class=\"wp-block-column is-layout-flow wp-block-column-is-layout-flow\">\n<figure class=\"wp-block-image size-large is-resized\"><img loading=\"lazy\" decoding=\"async\" width=\"874\" height=\"1024\" src=\"http:\/\/infoglobaldys.com.tr\/wp-content\/uploads\/2023\/11\/PHOTO-2023-03-29-17-29-26-2-874x1024.jpg\" alt=\"\" class=\"wp-image-461\" style=\"width:587px;height:auto\" srcset=\"http:\/\/infoglobaldys.com.tr\/wp-content\/uploads\/2023\/11\/PHOTO-2023-03-29-17-29-26-2-874x1024.jpg 874w, http:\/\/infoglobaldys.com.tr\/wp-content\/uploads\/2023\/11\/PHOTO-2023-03-29-17-29-26-2-256x300.jpg 256w, http:\/\/infoglobaldys.com.tr\/wp-content\/uploads\/2023\/11\/PHOTO-2023-03-29-17-29-26-2-768x900.jpg 768w, http:\/\/infoglobaldys.com.tr\/wp-content\/uploads\/2023\/11\/PHOTO-2023-03-29-17-29-26-2.jpg 1138w\" sizes=\"(max-width: 874px) 100vw, 874px\" \/><\/figure>\n<\/div>\n\n\n\n<div class=\"wp-block-column is-layout-flow wp-block-column-is-layout-flow\">\n<figure class=\"wp-block-image size-large is-resized\"><img loading=\"lazy\" decoding=\"async\" width=\"819\" height=\"1024\" src=\"http:\/\/infoglobaldys.com.tr\/wp-content\/uploads\/2023\/11\/IMG_2113-819x1024.jpg\" alt=\"\" class=\"wp-image-475\" style=\"width:551px;height:auto\" srcset=\"http:\/\/infoglobaldys.com.tr\/wp-content\/uploads\/2023\/11\/IMG_2113-819x1024.jpg 819w, http:\/\/infoglobaldys.com.tr\/wp-content\/uploads\/2023\/11\/IMG_2113-240x300.jpg 240w, http:\/\/infoglobaldys.com.tr\/wp-content\/uploads\/2023\/11\/IMG_2113-768x960.jpg 768w, http:\/\/infoglobaldys.com.tr\/wp-content\/uploads\/2023\/11\/IMG_2113-1229x1536.jpg 1229w, http:\/\/infoglobaldys.com.tr\/wp-content\/uploads\/2023\/11\/IMG_2113-1638x2048.jpg 1638w, http:\/\/infoglobaldys.com.tr\/wp-content\/uploads\/2023\/11\/IMG_2113-scaled.jpg 2048w\" sizes=\"(max-width: 819px) 100vw, 819px\" \/><\/figure>\n<\/div>\n\n\n\n<div class=\"wp-block-column is-layout-flow wp-block-column-is-layout-flow\">\n<figure class=\"wp-block-image size-full is-resized\"><img loading=\"lazy\" decoding=\"async\" width=\"2134\" height=\"2560\" src=\"http:\/\/infoglobaldys.com.tr\/wp-content\/uploads\/2023\/11\/IMG_1334-scaled.jpg\" alt=\"\" class=\"wp-image-477\" style=\"width:574px;height:auto\" srcset=\"http:\/\/infoglobaldys.com.tr\/wp-content\/uploads\/2023\/11\/IMG_1334-scaled.jpg 2134w, http:\/\/infoglobaldys.com.tr\/wp-content\/uploads\/2023\/11\/IMG_1334-250x300.jpg 250w, http:\/\/infoglobaldys.com.tr\/wp-content\/uploads\/2023\/11\/IMG_1334-853x1024.jpg 853w, http:\/\/infoglobaldys.com.tr\/wp-content\/uploads\/2023\/11\/IMG_1334-768x921.jpg 768w, http:\/\/infoglobaldys.com.tr\/wp-content\/uploads\/2023\/11\/IMG_1334-1280x1536.jpg 1280w, http:\/\/infoglobaldys.com.tr\/wp-content\/uploads\/2023\/11\/IMG_1334-1707x2048.jpg 1707w\" sizes=\"(max-width: 2134px) 100vw, 2134px\" \/><\/figure>\n<\/div>\n<\/div>\n<\/div>\n<\/div>\n","protected":false},"excerpt":{"rendered":"<p>ETK\u0130NL\u0130K INFO GLOBAL DYS \u015firketi belirledi\u011fi hedefe emin ad\u0131mlarla ilerlerken devlerin bulu\u015ftu\u011fu tekstil fuar\u0131nda yerini alm\u0131\u015ft\u0131r. Fuarda alan ve stant sunumu ile geni\u015f m\u00fc\u015fteri kitlesine hitap ederken ayn\u0131 zamanda fuara \u00f6zel haz\u0131rlanan koleksiyon defilede seyircilerin de\u011ferli g\u00f6r\u00fc\u015flerine sunulmu\u015ftur.<\/p>\n","protected":false},"author":2,"featured_media":0,"parent":0,"menu_order":0,"comment_status":"closed","ping_status":"closed","template":"","meta":{"site-sidebar-layout":"default","site-content-layout":"","ast-site-content-layout":"","site-content-style":"default","site-sidebar-style":"default","ast-global-header-display":"","ast-banner-title-visibility":"","ast-main-header-display":"","ast-hfb-above-header-display":"","ast-hfb-below-header-display":"","ast-hfb-mobile-header-display":"","site-post-title":"disabled","ast-breadcrumbs-content":"","ast-featured-img":"","footer-sml-layout":"","theme-transparent-header-meta":"","adv-header-id-meta":"","stick-header-meta":"","header-above-stick-meta":"","header-main-stick-meta":"","header-below-stick-meta":"","astra-migrate-meta-layouts":"","ast-page-background-enabled":"default","ast-page-background-meta":{"desktop":{"background-color":"var(--ast-global-color-4)","background-image":"","background-repeat":"repeat","background-position":"center center","background-size":"auto","background-attachment":"scroll","background-type":"","background-media":"","overlay-type":"","overlay-color":"","overlay-gradient":""},"tablet":{"background-color":"","background-image":"","background-repeat":"repeat","background-position":"center center","background-size":"auto","background-attachment":"scroll","background-type":"","background-media":"","overlay-type":"","overlay-color":"","overlay-gradient":""},"mobile":{"background-color":"","background-image":"","background-repeat":"repeat","background-position":"center center","background-size":"auto","background-attachment":"scroll","background-type":"","background-media":"","overlay-type":"","overlay-color":"","overlay-gradient":""}},"ast-content-background-meta":{"desktop":{"background-color":"var(--ast-global-color-5)","background-image":"","background-repeat":"repeat","background-position":"center center","background-size":"auto","background-attachment":"scroll","background-type":"","background-media":"","overlay-type":"","overlay-color":"","overlay-gradient":""},"tablet":{"background-color":"var(--ast-global-color-5)","background-image":"","background-repeat":"repeat","background-position":"center center","background-size":"auto","background-attachment":"scroll","background-type":"","background-media":"","overlay-type":"","overlay-color":"","overlay-gradient":""},"mobile":{"background-color":"var(--ast-global-color-5)","background-image":"","background-repeat":"repeat","background-position":"center center","background-size":"auto","background-attachment":"scroll","background-type":"","background-media":"","overlay-type":"","overlay-color":"","overlay-gradient":""}},"footnotes":""},"yoast_head":"<!-- This site is optimized with the Yoast SEO plugin v21.5 - https:\/\/yoast.com\/wordpress\/plugins\/seo\/ -->\r\n<title>ETK\u0130NL\u0130K | INFO GLOBAL DYS<\/title>\r\n<meta name=\"robots\" content=\"index, follow, max-snippet:-1, max-image-preview:large, max-video-preview:-1\" \/>\r\n<link rel=\"canonical\" href=\"http:\/\/infoglobaldys.com.tr\/index.php\/etkinlik\/\" \/>\r\n<meta property=\"og:locale\" content=\"tr_TR\" \/>\r\n<meta property=\"og:type\" content=\"article\" \/>\r\n<meta property=\"og:title\" content=\"ETK\u0130NL\u0130K | INFO GLOBAL DYS\" \/>\r\n<meta property=\"og:description\" content=\"ETK\u0130NL\u0130K INFO GLOBAL DYS \u015firketi belirledi\u011fi hedefe emin ad\u0131mlarla ilerlerken devlerin bulu\u015ftu\u011fu tekstil fuar\u0131nda yerini alm\u0131\u015ft\u0131r. Fuarda alan ve stant sunumu ile geni\u015f m\u00fc\u015fteri kitlesine hitap ederken ayn\u0131 zamanda fuara \u00f6zel haz\u0131rlanan koleksiyon defilede seyircilerin de\u011ferli g\u00f6r\u00fc\u015flerine sunulmu\u015ftur.\" \/>\r\n<meta property=\"og:url\" content=\"http:\/\/infoglobaldys.com.tr\/index.php\/etkinlik\/\" \/>\r\n<meta property=\"og:site_name\" content=\"INFO GLOBAL DYS\" \/>\r\n<meta property=\"article:modified_time\" content=\"2023-11-21T13:00:38+00:00\" \/>\r\n<meta property=\"og:image\" content=\"http:\/\/infoglobaldys.com.tr\/wp-content\/uploads\/2023\/11\/PHOTO-2023-03-29-17-29-26-2-874x1024.jpg\" \/>\r\n<meta name=\"twitter:card\" content=\"summary_large_image\" \/>\r\n<meta name=\"twitter:label1\" content=\"Tahmini okuma s\u00fcresi\" \/>\n\t<meta name=\"twitter:data1\" content=\"1 dakika\" \/>\r\n<script type=\"application\/ld+json\" class=\"yoast-schema-graph\">{\"@context\":\"https:\/\/schema.org\",\"@graph\":[{\"@type\":\"WebPage\",\"@id\":\"http:\/\/infoglobaldys.com.tr\/index.php\/etkinlik\/\",\"url\":\"http:\/\/infoglobaldys.com.tr\/index.php\/etkinlik\/\",\"name\":\"ETK\u0130NL\u0130K | INFO GLOBAL DYS\",\"isPartOf\":{\"@id\":\"http:\/\/infoglobaldys.com.tr\/#website\"},\"datePublished\":\"2023-11-17T08:26:46+00:00\",\"dateModified\":\"2023-11-21T13:00:38+00:00\",\"breadcrumb\":{\"@id\":\"http:\/\/infoglobaldys.com.tr\/index.php\/etkinlik\/#breadcrumb\"},\"inLanguage\":\"tr\",\"potentialAction\":[{\"@type\":\"ReadAction\",\"target\":[\"http:\/\/infoglobaldys.com.tr\/index.php\/etkinlik\/\"]}]},{\"@type\":\"BreadcrumbList\",\"@id\":\"http:\/\/infoglobaldys.com.tr\/index.php\/etkinlik\/#breadcrumb\",\"itemListElement\":[{\"@type\":\"ListItem\",\"position\":1,\"name\":\"Home\",\"item\":\"http:\/\/infoglobaldys.com.tr\/\"},{\"@type\":\"ListItem\",\"position\":2,\"name\":\"ETK\u0130NL\u0130K\"}]},{\"@type\":\"WebSite\",\"@id\":\"http:\/\/infoglobaldys.com.tr\/#website\",\"url\":\"http:\/\/infoglobaldys.com.tr\/\",\"name\":\"INFO GLOBAL DYS\",\"description\":\"\",\"publisher\":{\"@id\":\"http:\/\/infoglobaldys.com.tr\/#organization\"},\"potentialAction\":[{\"@type\":\"SearchAction\",\"target\":{\"@type\":\"EntryPoint\",\"urlTemplate\":\"http:\/\/infoglobaldys.com.tr\/?s={search_term_string}\"},\"query-input\":\"required name=search_term_string\"}],\"inLanguage\":\"tr\"},{\"@type\":\"Organization\",\"@id\":\"http:\/\/infoglobaldys.com.tr\/#organization\",\"name\":\"INFO GLOBAL DYS\",\"url\":\"http:\/\/infoglobaldys.com.tr\/\",\"logo\":{\"@type\":\"ImageObject\",\"inLanguage\":\"tr\",\"@id\":\"http:\/\/infoglobaldys.com.tr\/#\/schema\/logo\/image\/\",\"url\":\"http:\/\/infoglobaldys.com.tr\/wp-content\/uploads\/2020\/05\/Ads\u0131z-1.png\",\"contentUrl\":\"http:\/\/infoglobaldys.com.tr\/wp-content\/uploads\/2020\/05\/Ads\u0131z-1.png\",\"width\":1667,\"height\":1179,\"caption\":\"INFO GLOBAL DYS\"},\"image\":{\"@id\":\"http:\/\/infoglobaldys.com.tr\/#\/schema\/logo\/image\/\"}}]}<\/script>\r\n<!-- \/ Yoast SEO plugin. -->","yoast_head_json":{"title":"ETK\u0130NL\u0130K | INFO GLOBAL DYS","robots":{"index":"index","follow":"follow","max-snippet":"max-snippet:-1","max-image-preview":"max-image-preview:large","max-video-preview":"max-video-preview:-1"},"canonical":"http:\/\/infoglobaldys.com.tr\/index.php\/etkinlik\/","og_locale":"tr_TR","og_type":"article","og_title":"ETK\u0130NL\u0130K | INFO GLOBAL DYS","og_description":"ETK\u0130NL\u0130K INFO GLOBAL DYS \u015firketi belirledi\u011fi hedefe emin ad\u0131mlarla ilerlerken devlerin bulu\u015ftu\u011fu tekstil fuar\u0131nda yerini alm\u0131\u015ft\u0131r. Fuarda alan ve stant sunumu ile geni\u015f m\u00fc\u015fteri kitlesine hitap ederken ayn\u0131 zamanda fuara \u00f6zel haz\u0131rlanan koleksiyon defilede seyircilerin de\u011ferli g\u00f6r\u00fc\u015flerine sunulmu\u015ftur.","og_url":"http:\/\/infoglobaldys.com.tr\/index.php\/etkinlik\/","og_site_name":"INFO GLOBAL DYS","article_modified_time":"2023-11-21T13:00:38+00:00","og_image":[{"url":"http:\/\/infoglobaldys.com.tr\/wp-content\/uploads\/2023\/11\/PHOTO-2023-03-29-17-29-26-2-874x1024.jpg"}],"twitter_card":"summary_large_image","twitter_misc":{"Tahmini okuma s\u00fcresi":"1 dakika"},"schema":{"@context":"https:\/\/schema.org","@graph":[{"@type":"WebPage","@id":"http:\/\/infoglobaldys.com.tr\/index.php\/etkinlik\/","url":"http:\/\/infoglobaldys.com.tr\/index.php\/etkinlik\/","name":"ETK\u0130NL\u0130K | INFO GLOBAL DYS","isPartOf":{"@id":"http:\/\/infoglobaldys.com.tr\/#website"},"datePublished":"2023-11-17T08:26:46+00:00","dateModified":"2023-11-21T13:00:38+00:00","breadcrumb":{"@id":"http:\/\/infoglobaldys.com.tr\/index.php\/etkinlik\/#breadcrumb"},"inLanguage":"tr","potentialAction":[{"@type":"ReadAction","target":["http:\/\/infoglobaldys.com.tr\/index.php\/etkinlik\/"]}]},{"@type":"BreadcrumbList","@id":"http:\/\/infoglobaldys.com.tr\/index.php\/etkinlik\/#breadcrumb","itemListElement":[{"@type":"ListItem","position":1,"name":"Home","item":"http:\/\/infoglobaldys.com.tr\/"},{"@type":"ListItem","position":2,"name":"ETK\u0130NL\u0130K"}]},{"@type":"WebSite","@id":"http:\/\/infoglobaldys.com.tr\/#website","url":"http:\/\/infoglobaldys.com.tr\/","name":"INFO GLOBAL DYS","description":"","publisher":{"@id":"http:\/\/infoglobaldys.com.tr\/#organization"},"potentialAction":[{"@type":"SearchAction","target":{"@type":"EntryPoint","urlTemplate":"http:\/\/infoglobaldys.com.tr\/?s={search_term_string}"},"query-input":"required name=search_term_string"}],"inLanguage":"tr"},{"@type":"Organization","@id":"http:\/\/infoglobaldys.com.tr\/#organization","name":"INFO GLOBAL DYS","url":"http:\/\/infoglobaldys.com.tr\/","logo":{"@type":"ImageObject","inLanguage":"tr","@id":"http:\/\/infoglobaldys.com.tr\/#\/schema\/logo\/image\/","url":"http:\/\/infoglobaldys.com.tr\/wp-content\/uploads\/2020\/05\/Ads\u0131z-1.png","contentUrl":"http:\/\/infoglobaldys.com.tr\/wp-content\/uploads\/2020\/05\/Ads\u0131z-1.png","width":1667,"height":1179,"caption":"INFO GLOBAL DYS"},"image":{"@id":"http:\/\/infoglobaldys.com.tr\/#\/schema\/logo\/image\/"}}]}},"_links":{"self":[{"href":"http:\/\/infoglobaldys.com.tr\/index.php\/wp-json\/wp\/v2\/pages\/371"}],"collection":[{"href":"http:\/\/infoglobaldys.com.tr\/index.php\/wp-json\/wp\/v2\/pages"}],"about":[{"href":"http:\/\/infoglobaldys.com.tr\/index.php\/wp-json\/wp\/v2\/types\/page"}],"author":[{"embeddable":true,"href":"http:\/\/infoglobaldys.com.tr\/index.php\/wp-json\/wp\/v2\/users\/2"}],"replies":[{"embeddable":true,"href":"http:\/\/infoglobaldys.com.tr\/index.php\/wp-json\/wp\/v2\/comments?post=371"}],"version-history":[{"count":10,"href":"http:\/\/infoglobaldys.com.tr\/index.php\/wp-json\/wp\/v2\/pages\/371\/revisions"}],"predecessor-version":[{"id":527,"href":"http:\/\/infoglobaldys.com.tr\/index.php\/wp-json\/wp\/v2\/pages\/371\/revisions\/527"}],"wp:attachment":[{"href":"http:\/\/infoglobaldys.com.tr\/index.php\/wp-json\/wp\/v2\/media?parent=371"}],"curies":[{"name":"wp","href":"https:\/\/api.w.org\/{rel}","templated":true}]}}