{"id":361,"date":"2023-11-17T08:21:13","date_gmt":"2023-11-17T08:21:13","guid":{"rendered":"http:\/\/infoglobaldys.com.tr\/?page_id=361"},"modified":"2023-11-21T12:51:44","modified_gmt":"2023-11-21T12:51:44","slug":"planlama","status":"publish","type":"page","link":"http:\/\/infoglobaldys.com.tr\/index.php\/planlama\/","title":{"rendered":"PLANLAMA"},"content":{"rendered":"\n<h3 class=\"wp-block-heading has-text-align-center\">PLANLAMA<\/h3>\n\n\n\n<h5 class=\"wp-block-heading\">Planlama departman\u0131m\u0131z\u0131n uzman kadrosu g\u00fcnl\u00fck-haftal\u0131k-ayl\u0131k program takvimleri sayesinde gelecek olan hammaddelerin vaktinde tedarik edilmesini, sipari\u015flerin vaktinde y\u00fcklenmesini sa\u011flamaktad\u0131r. Termin anla\u015fmalar\u0131n\u0131 ve sat\u0131n alma planlamalar\u0131n\u0131 dikkatli bir \u015fekilde takip etmektedirler. Departman\u0131m\u0131z\u0131n \u00f6nceli\u011fi, t\u00fcm projeleri m\u00fc\u015fterilerimizin memnuniyetini kar\u015f\u0131layacak \u015fekilde tamamlayabilmektir.<\/h5>\n\n\n\n<div class=\"wp-block-columns alignfull is-layout-flex wp-container-core-columns-layout-1 wp-block-columns-is-layout-flex\">\n<div class=\"wp-block-column is-layout-flow wp-block-column-is-layout-flow\"><\/div>\n\n\n\n<div class=\"wp-block-column is-layout-flow wp-block-column-is-layout-flow\">\n<figure class=\"wp-block-image size-large\"><img loading=\"lazy\" decoding=\"async\" width=\"768\" height=\"1024\" src=\"http:\/\/infoglobaldys.com.tr\/wp-content\/uploads\/2023\/11\/41e2c7bd-f991-41d0-a622-5828329deab6-768x1024.jpg\" alt=\"\" class=\"wp-image-524\" srcset=\"http:\/\/infoglobaldys.com.tr\/wp-content\/uploads\/2023\/11\/41e2c7bd-f991-41d0-a622-5828329deab6-768x1024.jpg 768w, http:\/\/infoglobaldys.com.tr\/wp-content\/uploads\/2023\/11\/41e2c7bd-f991-41d0-a622-5828329deab6-225x300.jpg 225w, http:\/\/infoglobaldys.com.tr\/wp-content\/uploads\/2023\/11\/41e2c7bd-f991-41d0-a622-5828329deab6-1152x1536.jpg 1152w, http:\/\/infoglobaldys.com.tr\/wp-content\/uploads\/2023\/11\/41e2c7bd-f991-41d0-a622-5828329deab6.jpg 1536w\" sizes=\"(max-width: 768px) 100vw, 768px\" \/><\/figure>\n<\/div>\n\n\n\n<div class=\"wp-block-column is-layout-flow wp-block-column-is-layout-flow\"><\/div>\n<\/div>\n","protected":false},"excerpt":{"rendered":"<p>PLANLAMA Planlama departman\u0131m\u0131z\u0131n uzman kadrosu g\u00fcnl\u00fck-haftal\u0131k-ayl\u0131k program takvimleri sayesinde gelecek olan hammaddelerin vaktinde tedarik edilmesini, sipari\u015flerin vaktinde y\u00fcklenmesini sa\u011flamaktad\u0131r. Termin anla\u015fmalar\u0131n\u0131 ve sat\u0131n alma planlamalar\u0131n\u0131 dikkatli bir \u015fekilde takip etmektedirler. Departman\u0131m\u0131z\u0131n \u00f6nceli\u011fi, t\u00fcm projeleri m\u00fc\u015fterilerimizin memnuniyetini kar\u015f\u0131layacak \u015fekilde tamamlayabilmektir.<\/p>\n","protected":false},"author":2,"featured_media":0,"parent":0,"menu_order":0,"comment_status":"closed","ping_status":"closed","template":"","meta":{"site-sidebar-layout":"default","site-content-layout":"","ast-site-content-layout":"","site-content-style":"default","site-sidebar-style":"default","ast-global-header-display":"","ast-banner-title-visibility":"","ast-main-header-display":"","ast-hfb-above-header-display":"","ast-hfb-below-header-display":"","ast-hfb-mobile-header-display":"","site-post-title":"disabled","ast-breadcrumbs-content":"","ast-featured-img":"","footer-sml-layout":"","theme-transparent-header-meta":"","adv-header-id-meta":"","stick-header-meta":"","header-above-stick-meta":"","header-main-stick-meta":"","header-below-stick-meta":"","astra-migrate-meta-layouts":"","ast-page-background-enabled":"default","ast-page-background-meta":{"desktop":{"background-color":"var(--ast-global-color-4)","background-image":"","background-repeat":"repeat","background-position":"center center","background-size":"auto","background-attachment":"scroll","background-type":"","background-media":"","overlay-type":"","overlay-color":"","overlay-gradient":""},"tablet":{"background-color":"","background-image":"","background-repeat":"repeat","background-position":"center center","background-size":"auto","background-attachment":"scroll","background-type":"","background-media":"","overlay-type":"","overlay-color":"","overlay-gradient":""},"mobile":{"background-color":"","background-image":"","background-repeat":"repeat","background-position":"center center","background-size":"auto","background-attachment":"scroll","background-type":"","background-media":"","overlay-type":"","overlay-color":"","overlay-gradient":""}},"ast-content-background-meta":{"desktop":{"background-color":"var(--ast-global-color-5)","background-image":"","background-repeat":"repeat","background-position":"center center","background-size":"auto","background-attachment":"scroll","background-type":"","background-media":"","overlay-type":"","overlay-color":"","overlay-gradient":""},"tablet":{"background-color":"var(--ast-global-color-5)","background-image":"","background-repeat":"repeat","background-position":"center center","background-size":"auto","background-attachment":"scroll","background-type":"","background-media":"","overlay-type":"","overlay-color":"","overlay-gradient":""},"mobile":{"background-color":"var(--ast-global-color-5)","background-image":"","background-repeat":"repeat","background-position":"center center","background-size":"auto","background-attachment":"scroll","background-type":"","background-media":"","overlay-type":"","overlay-color":"","overlay-gradient":""}},"footnotes":""},"yoast_head":"<!-- This site is optimized with the Yoast SEO plugin v21.5 - https:\/\/yoast.com\/wordpress\/plugins\/seo\/ -->\r\n<title>PLANLAMA | INFO GLOBAL DYS<\/title>\r\n<meta name=\"robots\" content=\"index, follow, max-snippet:-1, max-image-preview:large, max-video-preview:-1\" \/>\r\n<link rel=\"canonical\" href=\"http:\/\/infoglobaldys.com.tr\/index.php\/planlama\/\" \/>\r\n<meta property=\"og:locale\" content=\"tr_TR\" \/>\r\n<meta property=\"og:type\" content=\"article\" \/>\r\n<meta property=\"og:title\" content=\"PLANLAMA | INFO GLOBAL DYS\" \/>\r\n<meta property=\"og:description\" content=\"PLANLAMA Planlama departman\u0131m\u0131z\u0131n uzman kadrosu g\u00fcnl\u00fck-haftal\u0131k-ayl\u0131k program takvimleri sayesinde gelecek olan hammaddelerin vaktinde tedarik edilmesini, sipari\u015flerin vaktinde y\u00fcklenmesini sa\u011flamaktad\u0131r. Termin anla\u015fmalar\u0131n\u0131 ve sat\u0131n alma planlamalar\u0131n\u0131 dikkatli bir \u015fekilde takip etmektedirler. Departman\u0131m\u0131z\u0131n \u00f6nceli\u011fi, t\u00fcm projeleri m\u00fc\u015fterilerimizin memnuniyetini kar\u015f\u0131layacak \u015fekilde tamamlayabilmektir.\" \/>\r\n<meta property=\"og:url\" content=\"http:\/\/infoglobaldys.com.tr\/index.php\/planlama\/\" \/>\r\n<meta property=\"og:site_name\" content=\"INFO GLOBAL DYS\" \/>\r\n<meta property=\"article:modified_time\" content=\"2023-11-21T12:51:44+00:00\" \/>\r\n<meta property=\"og:image\" content=\"http:\/\/infoglobaldys.com.tr\/wp-content\/uploads\/2023\/11\/41e2c7bd-f991-41d0-a622-5828329deab6-768x1024.jpg\" \/>\r\n<meta name=\"twitter:card\" content=\"summary_large_image\" \/>\r\n<meta name=\"twitter:label1\" content=\"Tahmini okuma s\u00fcresi\" \/>\n\t<meta name=\"twitter:data1\" content=\"1 dakika\" \/>\r\n<script type=\"application\/ld+json\" class=\"yoast-schema-graph\">{\"@context\":\"https:\/\/schema.org\",\"@graph\":[{\"@type\":\"WebPage\",\"@id\":\"http:\/\/infoglobaldys.com.tr\/index.php\/planlama\/\",\"url\":\"http:\/\/infoglobaldys.com.tr\/index.php\/planlama\/\",\"name\":\"PLANLAMA | INFO GLOBAL DYS\",\"isPartOf\":{\"@id\":\"http:\/\/infoglobaldys.com.tr\/#website\"},\"datePublished\":\"2023-11-17T08:21:13+00:00\",\"dateModified\":\"2023-11-21T12:51:44+00:00\",\"breadcrumb\":{\"@id\":\"http:\/\/infoglobaldys.com.tr\/index.php\/planlama\/#breadcrumb\"},\"inLanguage\":\"tr\",\"potentialAction\":[{\"@type\":\"ReadAction\",\"target\":[\"http:\/\/infoglobaldys.com.tr\/index.php\/planlama\/\"]}]},{\"@type\":\"BreadcrumbList\",\"@id\":\"http:\/\/infoglobaldys.com.tr\/index.php\/planlama\/#breadcrumb\",\"itemListElement\":[{\"@type\":\"ListItem\",\"position\":1,\"name\":\"Home\",\"item\":\"http:\/\/infoglobaldys.com.tr\/\"},{\"@type\":\"ListItem\",\"position\":2,\"name\":\"PLANLAMA\"}]},{\"@type\":\"WebSite\",\"@id\":\"http:\/\/infoglobaldys.com.tr\/#website\",\"url\":\"http:\/\/infoglobaldys.com.tr\/\",\"name\":\"INFO GLOBAL DYS\",\"description\":\"\",\"publisher\":{\"@id\":\"http:\/\/infoglobaldys.com.tr\/#organization\"},\"potentialAction\":[{\"@type\":\"SearchAction\",\"target\":{\"@type\":\"EntryPoint\",\"urlTemplate\":\"http:\/\/infoglobaldys.com.tr\/?s={search_term_string}\"},\"query-input\":\"required name=search_term_string\"}],\"inLanguage\":\"tr\"},{\"@type\":\"Organization\",\"@id\":\"http:\/\/infoglobaldys.com.tr\/#organization\",\"name\":\"INFO GLOBAL DYS\",\"url\":\"http:\/\/infoglobaldys.com.tr\/\",\"logo\":{\"@type\":\"ImageObject\",\"inLanguage\":\"tr\",\"@id\":\"http:\/\/infoglobaldys.com.tr\/#\/schema\/logo\/image\/\",\"url\":\"http:\/\/infoglobaldys.com.tr\/wp-content\/uploads\/2020\/05\/Ads\u0131z-1.png\",\"contentUrl\":\"http:\/\/infoglobaldys.com.tr\/wp-content\/uploads\/2020\/05\/Ads\u0131z-1.png\",\"width\":1667,\"height\":1179,\"caption\":\"INFO GLOBAL DYS\"},\"image\":{\"@id\":\"http:\/\/infoglobaldys.com.tr\/#\/schema\/logo\/image\/\"}}]}<\/script>\r\n<!-- \/ Yoast SEO plugin. -->","yoast_head_json":{"title":"PLANLAMA | INFO GLOBAL DYS","robots":{"index":"index","follow":"follow","max-snippet":"max-snippet:-1","max-image-preview":"max-image-preview:large","max-video-preview":"max-video-preview:-1"},"canonical":"http:\/\/infoglobaldys.com.tr\/index.php\/planlama\/","og_locale":"tr_TR","og_type":"article","og_title":"PLANLAMA | INFO GLOBAL DYS","og_description":"PLANLAMA Planlama departman\u0131m\u0131z\u0131n uzman kadrosu g\u00fcnl\u00fck-haftal\u0131k-ayl\u0131k program takvimleri sayesinde gelecek olan hammaddelerin vaktinde tedarik edilmesini, sipari\u015flerin vaktinde y\u00fcklenmesini sa\u011flamaktad\u0131r. Termin anla\u015fmalar\u0131n\u0131 ve sat\u0131n alma planlamalar\u0131n\u0131 dikkatli bir \u015fekilde takip etmektedirler. Departman\u0131m\u0131z\u0131n \u00f6nceli\u011fi, t\u00fcm projeleri m\u00fc\u015fterilerimizin memnuniyetini kar\u015f\u0131layacak \u015fekilde tamamlayabilmektir.","og_url":"http:\/\/infoglobaldys.com.tr\/index.php\/planlama\/","og_site_name":"INFO GLOBAL DYS","article_modified_time":"2023-11-21T12:51:44+00:00","og_image":[{"url":"http:\/\/infoglobaldys.com.tr\/wp-content\/uploads\/2023\/11\/41e2c7bd-f991-41d0-a622-5828329deab6-768x1024.jpg"}],"twitter_card":"summary_large_image","twitter_misc":{"Tahmini okuma s\u00fcresi":"1 dakika"},"schema":{"@context":"https:\/\/schema.org","@graph":[{"@type":"WebPage","@id":"http:\/\/infoglobaldys.com.tr\/index.php\/planlama\/","url":"http:\/\/infoglobaldys.com.tr\/index.php\/planlama\/","name":"PLANLAMA | INFO GLOBAL DYS","isPartOf":{"@id":"http:\/\/infoglobaldys.com.tr\/#website"},"datePublished":"2023-11-17T08:21:13+00:00","dateModified":"2023-11-21T12:51:44+00:00","breadcrumb":{"@id":"http:\/\/infoglobaldys.com.tr\/index.php\/planlama\/#breadcrumb"},"inLanguage":"tr","potentialAction":[{"@type":"ReadAction","target":["http:\/\/infoglobaldys.com.tr\/index.php\/planlama\/"]}]},{"@type":"BreadcrumbList","@id":"http:\/\/infoglobaldys.com.tr\/index.php\/planlama\/#breadcrumb","itemListElement":[{"@type":"ListItem","position":1,"name":"Home","item":"http:\/\/infoglobaldys.com.tr\/"},{"@type":"ListItem","position":2,"name":"PLANLAMA"}]},{"@type":"WebSite","@id":"http:\/\/infoglobaldys.com.tr\/#website","url":"http:\/\/infoglobaldys.com.tr\/","name":"INFO GLOBAL DYS","description":"","publisher":{"@id":"http:\/\/infoglobaldys.com.tr\/#organization"},"potentialAction":[{"@type":"SearchAction","target":{"@type":"EntryPoint","urlTemplate":"http:\/\/infoglobaldys.com.tr\/?s={search_term_string}"},"query-input":"required name=search_term_string"}],"inLanguage":"tr"},{"@type":"Organization","@id":"http:\/\/infoglobaldys.com.tr\/#organization","name":"INFO GLOBAL DYS","url":"http:\/\/infoglobaldys.com.tr\/","logo":{"@type":"ImageObject","inLanguage":"tr","@id":"http:\/\/infoglobaldys.com.tr\/#\/schema\/logo\/image\/","url":"http:\/\/infoglobaldys.com.tr\/wp-content\/uploads\/2020\/05\/Ads\u0131z-1.png","contentUrl":"http:\/\/infoglobaldys.com.tr\/wp-content\/uploads\/2020\/05\/Ads\u0131z-1.png","width":1667,"height":1179,"caption":"INFO GLOBAL DYS"},"image":{"@id":"http:\/\/infoglobaldys.com.tr\/#\/schema\/logo\/image\/"}}]}},"_links":{"self":[{"href":"http:\/\/infoglobaldys.com.tr\/index.php\/wp-json\/wp\/v2\/pages\/361"}],"collection":[{"href":"http:\/\/infoglobaldys.com.tr\/index.php\/wp-json\/wp\/v2\/pages"}],"about":[{"href":"http:\/\/infoglobaldys.com.tr\/index.php\/wp-json\/wp\/v2\/types\/page"}],"author":[{"embeddable":true,"href":"http:\/\/infoglobaldys.com.tr\/index.php\/wp-json\/wp\/v2\/users\/2"}],"replies":[{"embeddable":true,"href":"http:\/\/infoglobaldys.com.tr\/index.php\/wp-json\/wp\/v2\/comments?post=361"}],"version-history":[{"count":3,"href":"http:\/\/infoglobaldys.com.tr\/index.php\/wp-json\/wp\/v2\/pages\/361\/revisions"}],"predecessor-version":[{"id":526,"href":"http:\/\/infoglobaldys.com.tr\/index.php\/wp-json\/wp\/v2\/pages\/361\/revisions\/526"}],"wp:attachment":[{"href":"http:\/\/infoglobaldys.com.tr\/index.php\/wp-json\/wp\/v2\/media?parent=361"}],"curies":[{"name":"wp","href":"https:\/\/api.w.org\/{rel}","templated":true}]}}