{"id":298,"date":"2023-11-16T14:15:50","date_gmt":"2023-11-16T14:15:50","guid":{"rendered":"http:\/\/infoglobaldys.com.tr\/?page_id=298"},"modified":"2023-11-17T08:19:14","modified_gmt":"2023-11-17T08:19:14","slug":"vizyon-misyon-degerler","status":"publish","type":"page","link":"http:\/\/infoglobaldys.com.tr\/index.php\/kurumsal\/vizyon-misyon-degerler\/","title":{"rendered":"Vizyon &#038; Misyon &#038; De\u011ferler"},"content":{"rendered":"\n<p>Vizyonumuz<br>Gelecek 5 y\u0131l i\u00e7erisinde T\u00fcrkiye\u2019de tekstil ihracat\u0131 alan\u0131nda \u00f6nde gelen firmalar aras\u0131nda bulunmak.<\/p>\n\n\n\n<p>Misyonumuz<br>M\u00fc\u015fterilerimize her zaman, her ko\u015fulda en iyiyi en y\u00fcksek kalitede, istenilen zamanda \u00fcretip sunmak.<\/p>\n\n\n\n<p>De\u011ferlerimiz<br>\u00c7al\u0131\u015fanlar\u0131n\u0131n fikirlerine sayg\u0131 duyan ve kendini bu y\u00f6nde geli\u015ftiren<br>M\u00fc\u015fteri odakl\u0131<br>Kalite ve termin odakl\u0131<br>Yeniliklere ve modaya en h\u0131zl\u0131 \u015fekilde uyum sa\u011flayan<br>Geli\u015fen teknolojiye ayak uyduran<br>\u015eeffaf bir firmad\u0131r.<\/p>\n","protected":false},"excerpt":{"rendered":"<p>VizyonumuzGelecek 5 y\u0131l i\u00e7erisinde T\u00fcrkiye\u2019de tekstil ihracat\u0131 alan\u0131nda \u00f6nde gelen firmalar aras\u0131nda bulunmak. MisyonumuzM\u00fc\u015fterilerimize her zaman, her ko\u015fulda en iyiyi en y\u00fcksek kalitede, istenilen zamanda \u00fcretip sunmak. De\u011ferlerimiz\u00c7al\u0131\u015fanlar\u0131n\u0131n fikirlerine sayg\u0131 duyan ve kendini bu y\u00f6nde geli\u015ftirenM\u00fc\u015fteri odakl\u0131Kalite ve termin odakl\u0131Yeniliklere ve modaya en h\u0131zl\u0131 \u015fekilde uyum sa\u011flayanGeli\u015fen teknolojiye ayak uyduran\u015eeffaf bir firmad\u0131r.<\/p>\n","protected":false},"author":2,"featured_media":0,"parent":259,"menu_order":0,"comment_status":"closed","ping_status":"closed","template":"","meta":{"site-sidebar-layout":"default","site-content-layout":"","ast-site-content-layout":"","site-content-style":"default","site-sidebar-style":"default","ast-global-header-display":"","ast-banner-title-visibility":"","ast-main-header-display":"","ast-hfb-above-header-display":"","ast-hfb-below-header-display":"","ast-hfb-mobile-header-display":"","site-post-title":"","ast-breadcrumbs-content":"","ast-featured-img":"","footer-sml-layout":"","theme-transparent-header-meta":"","adv-header-id-meta":"","stick-header-meta":"","header-above-stick-meta":"","header-main-stick-meta":"","header-below-stick-meta":"","astra-migrate-meta-layouts":"","ast-page-background-enabled":"default","ast-page-background-meta":{"desktop":{"background-color":"var(--ast-global-color-4)","background-image":"","background-repeat":"repeat","background-position":"center center","background-size":"auto","background-attachment":"scroll","background-type":"","background-media":"","overlay-type":"","overlay-color":"","overlay-gradient":""},"tablet":{"background-color":"","background-image":"","background-repeat":"repeat","background-position":"center center","background-size":"auto","background-attachment":"scroll","background-type":"","background-media":"","overlay-type":"","overlay-color":"","overlay-gradient":""},"mobile":{"background-color":"","background-image":"","background-repeat":"repeat","background-position":"center center","background-size":"auto","background-attachment":"scroll","background-type":"","background-media":"","overlay-type":"","overlay-color":"","overlay-gradient":""}},"ast-content-background-meta":{"desktop":{"background-color":"var(--ast-global-color-5)","background-image":"","background-repeat":"repeat","background-position":"center center","background-size":"auto","background-attachment":"scroll","background-type":"","background-media":"","overlay-type":"","overlay-color":"","overlay-gradient":""},"tablet":{"background-color":"var(--ast-global-color-5)","background-image":"","background-repeat":"repeat","background-position":"center center","background-size":"auto","background-attachment":"scroll","background-type":"","background-media":"","overlay-type":"","overlay-color":"","overlay-gradient":""},"mobile":{"background-color":"var(--ast-global-color-5)","background-image":"","background-repeat":"repeat","background-position":"center center","background-size":"auto","background-attachment":"scroll","background-type":"","background-media":"","overlay-type":"","overlay-color":"","overlay-gradient":""}},"footnotes":""},"yoast_head":"<!-- This site is optimized with the Yoast SEO plugin v21.5 - https:\/\/yoast.com\/wordpress\/plugins\/seo\/ -->\r\n<title>Vizyon &amp; Misyon &amp; De\u011ferler | INFO GLOBAL DYS<\/title>\r\n<meta name=\"robots\" content=\"index, follow, max-snippet:-1, max-image-preview:large, max-video-preview:-1\" \/>\r\n<link rel=\"canonical\" href=\"http:\/\/infoglobaldys.com.tr\/index.php\/kurumsal\/vizyon-misyon-degerler\/\" \/>\r\n<meta property=\"og:locale\" content=\"tr_TR\" \/>\r\n<meta property=\"og:type\" content=\"article\" \/>\r\n<meta property=\"og:title\" content=\"Vizyon &amp; Misyon &amp; De\u011ferler | INFO GLOBAL DYS\" \/>\r\n<meta property=\"og:description\" content=\"VizyonumuzGelecek 5 y\u0131l i\u00e7erisinde T\u00fcrkiye\u2019de tekstil ihracat\u0131 alan\u0131nda \u00f6nde gelen firmalar aras\u0131nda bulunmak. MisyonumuzM\u00fc\u015fterilerimize her zaman, her ko\u015fulda en iyiyi en y\u00fcksek kalitede, istenilen zamanda \u00fcretip sunmak. De\u011ferlerimiz\u00c7al\u0131\u015fanlar\u0131n\u0131n fikirlerine sayg\u0131 duyan ve kendini bu y\u00f6nde geli\u015ftirenM\u00fc\u015fteri odakl\u0131Kalite ve termin odakl\u0131Yeniliklere ve modaya en h\u0131zl\u0131 \u015fekilde uyum sa\u011flayanGeli\u015fen teknolojiye ayak uyduran\u015eeffaf bir firmad\u0131r.\" \/>\r\n<meta property=\"og:url\" content=\"http:\/\/infoglobaldys.com.tr\/index.php\/kurumsal\/vizyon-misyon-degerler\/\" \/>\r\n<meta property=\"og:site_name\" content=\"INFO GLOBAL DYS\" \/>\r\n<meta property=\"article:modified_time\" content=\"2023-11-17T08:19:14+00:00\" \/>\r\n<meta name=\"twitter:card\" content=\"summary_large_image\" \/>\r\n<script type=\"application\/ld+json\" class=\"yoast-schema-graph\">{\"@context\":\"https:\/\/schema.org\",\"@graph\":[{\"@type\":\"WebPage\",\"@id\":\"http:\/\/infoglobaldys.com.tr\/index.php\/kurumsal\/vizyon-misyon-degerler\/\",\"url\":\"http:\/\/infoglobaldys.com.tr\/index.php\/kurumsal\/vizyon-misyon-degerler\/\",\"name\":\"Vizyon & Misyon & De\u011ferler | INFO GLOBAL DYS\",\"isPartOf\":{\"@id\":\"http:\/\/infoglobaldys.com.tr\/#website\"},\"datePublished\":\"2023-11-16T14:15:50+00:00\",\"dateModified\":\"2023-11-17T08:19:14+00:00\",\"breadcrumb\":{\"@id\":\"http:\/\/infoglobaldys.com.tr\/index.php\/kurumsal\/vizyon-misyon-degerler\/#breadcrumb\"},\"inLanguage\":\"tr\",\"potentialAction\":[{\"@type\":\"ReadAction\",\"target\":[\"http:\/\/infoglobaldys.com.tr\/index.php\/kurumsal\/vizyon-misyon-degerler\/\"]}]},{\"@type\":\"BreadcrumbList\",\"@id\":\"http:\/\/infoglobaldys.com.tr\/index.php\/kurumsal\/vizyon-misyon-degerler\/#breadcrumb\",\"itemListElement\":[{\"@type\":\"ListItem\",\"position\":1,\"name\":\"Home\",\"item\":\"http:\/\/infoglobaldys.com.tr\/\"},{\"@type\":\"ListItem\",\"position\":2,\"name\":\"KURUMSAL\",\"item\":\"http:\/\/infoglobaldys.com.tr\/index.php\/kurumsal\/\"},{\"@type\":\"ListItem\",\"position\":3,\"name\":\"Vizyon &#038; Misyon &#038; De\u011ferler\"}]},{\"@type\":\"WebSite\",\"@id\":\"http:\/\/infoglobaldys.com.tr\/#website\",\"url\":\"http:\/\/infoglobaldys.com.tr\/\",\"name\":\"INFO GLOBAL DYS\",\"description\":\"\",\"publisher\":{\"@id\":\"http:\/\/infoglobaldys.com.tr\/#organization\"},\"potentialAction\":[{\"@type\":\"SearchAction\",\"target\":{\"@type\":\"EntryPoint\",\"urlTemplate\":\"http:\/\/infoglobaldys.com.tr\/?s={search_term_string}\"},\"query-input\":\"required name=search_term_string\"}],\"inLanguage\":\"tr\"},{\"@type\":\"Organization\",\"@id\":\"http:\/\/infoglobaldys.com.tr\/#organization\",\"name\":\"INFO GLOBAL DYS\",\"url\":\"http:\/\/infoglobaldys.com.tr\/\",\"logo\":{\"@type\":\"ImageObject\",\"inLanguage\":\"tr\",\"@id\":\"http:\/\/infoglobaldys.com.tr\/#\/schema\/logo\/image\/\",\"url\":\"http:\/\/infoglobaldys.com.tr\/wp-content\/uploads\/2020\/05\/Ads\u0131z-1.png\",\"contentUrl\":\"http:\/\/infoglobaldys.com.tr\/wp-content\/uploads\/2020\/05\/Ads\u0131z-1.png\",\"width\":1667,\"height\":1179,\"caption\":\"INFO GLOBAL DYS\"},\"image\":{\"@id\":\"http:\/\/infoglobaldys.com.tr\/#\/schema\/logo\/image\/\"}}]}<\/script>\r\n<!-- \/ Yoast SEO plugin. -->","yoast_head_json":{"title":"Vizyon & Misyon & De\u011ferler | INFO GLOBAL DYS","robots":{"index":"index","follow":"follow","max-snippet":"max-snippet:-1","max-image-preview":"max-image-preview:large","max-video-preview":"max-video-preview:-1"},"canonical":"http:\/\/infoglobaldys.com.tr\/index.php\/kurumsal\/vizyon-misyon-degerler\/","og_locale":"tr_TR","og_type":"article","og_title":"Vizyon & Misyon & De\u011ferler | INFO GLOBAL DYS","og_description":"VizyonumuzGelecek 5 y\u0131l i\u00e7erisinde T\u00fcrkiye\u2019de tekstil ihracat\u0131 alan\u0131nda \u00f6nde gelen firmalar aras\u0131nda bulunmak. MisyonumuzM\u00fc\u015fterilerimize her zaman, her ko\u015fulda en iyiyi en y\u00fcksek kalitede, istenilen zamanda \u00fcretip sunmak. De\u011ferlerimiz\u00c7al\u0131\u015fanlar\u0131n\u0131n fikirlerine sayg\u0131 duyan ve kendini bu y\u00f6nde geli\u015ftirenM\u00fc\u015fteri odakl\u0131Kalite ve termin odakl\u0131Yeniliklere ve modaya en h\u0131zl\u0131 \u015fekilde uyum sa\u011flayanGeli\u015fen teknolojiye ayak uyduran\u015eeffaf bir firmad\u0131r.","og_url":"http:\/\/infoglobaldys.com.tr\/index.php\/kurumsal\/vizyon-misyon-degerler\/","og_site_name":"INFO GLOBAL DYS","article_modified_time":"2023-11-17T08:19:14+00:00","twitter_card":"summary_large_image","schema":{"@context":"https:\/\/schema.org","@graph":[{"@type":"WebPage","@id":"http:\/\/infoglobaldys.com.tr\/index.php\/kurumsal\/vizyon-misyon-degerler\/","url":"http:\/\/infoglobaldys.com.tr\/index.php\/kurumsal\/vizyon-misyon-degerler\/","name":"Vizyon & Misyon & De\u011ferler | INFO GLOBAL DYS","isPartOf":{"@id":"http:\/\/infoglobaldys.com.tr\/#website"},"datePublished":"2023-11-16T14:15:50+00:00","dateModified":"2023-11-17T08:19:14+00:00","breadcrumb":{"@id":"http:\/\/infoglobaldys.com.tr\/index.php\/kurumsal\/vizyon-misyon-degerler\/#breadcrumb"},"inLanguage":"tr","potentialAction":[{"@type":"ReadAction","target":["http:\/\/infoglobaldys.com.tr\/index.php\/kurumsal\/vizyon-misyon-degerler\/"]}]},{"@type":"BreadcrumbList","@id":"http:\/\/infoglobaldys.com.tr\/index.php\/kurumsal\/vizyon-misyon-degerler\/#breadcrumb","itemListElement":[{"@type":"ListItem","position":1,"name":"Home","item":"http:\/\/infoglobaldys.com.tr\/"},{"@type":"ListItem","position":2,"name":"KURUMSAL","item":"http:\/\/infoglobaldys.com.tr\/index.php\/kurumsal\/"},{"@type":"ListItem","position":3,"name":"Vizyon &#038; Misyon &#038; De\u011ferler"}]},{"@type":"WebSite","@id":"http:\/\/infoglobaldys.com.tr\/#website","url":"http:\/\/infoglobaldys.com.tr\/","name":"INFO GLOBAL DYS","description":"","publisher":{"@id":"http:\/\/infoglobaldys.com.tr\/#organization"},"potentialAction":[{"@type":"SearchAction","target":{"@type":"EntryPoint","urlTemplate":"http:\/\/infoglobaldys.com.tr\/?s={search_term_string}"},"query-input":"required name=search_term_string"}],"inLanguage":"tr"},{"@type":"Organization","@id":"http:\/\/infoglobaldys.com.tr\/#organization","name":"INFO GLOBAL DYS","url":"http:\/\/infoglobaldys.com.tr\/","logo":{"@type":"ImageObject","inLanguage":"tr","@id":"http:\/\/infoglobaldys.com.tr\/#\/schema\/logo\/image\/","url":"http:\/\/infoglobaldys.com.tr\/wp-content\/uploads\/2020\/05\/Ads\u0131z-1.png","contentUrl":"http:\/\/infoglobaldys.com.tr\/wp-content\/uploads\/2020\/05\/Ads\u0131z-1.png","width":1667,"height":1179,"caption":"INFO GLOBAL DYS"},"image":{"@id":"http:\/\/infoglobaldys.com.tr\/#\/schema\/logo\/image\/"}}]}},"_links":{"self":[{"href":"http:\/\/infoglobaldys.com.tr\/index.php\/wp-json\/wp\/v2\/pages\/298"}],"collection":[{"href":"http:\/\/infoglobaldys.com.tr\/index.php\/wp-json\/wp\/v2\/pages"}],"about":[{"href":"http:\/\/infoglobaldys.com.tr\/index.php\/wp-json\/wp\/v2\/types\/page"}],"author":[{"embeddable":true,"href":"http:\/\/infoglobaldys.com.tr\/index.php\/wp-json\/wp\/v2\/users\/2"}],"replies":[{"embeddable":true,"href":"http:\/\/infoglobaldys.com.tr\/index.php\/wp-json\/wp\/v2\/comments?post=298"}],"version-history":[{"count":3,"href":"http:\/\/infoglobaldys.com.tr\/index.php\/wp-json\/wp\/v2\/pages\/298\/revisions"}],"predecessor-version":[{"id":358,"href":"http:\/\/infoglobaldys.com.tr\/index.php\/wp-json\/wp\/v2\/pages\/298\/revisions\/358"}],"up":[{"embeddable":true,"href":"http:\/\/infoglobaldys.com.tr\/index.php\/wp-json\/wp\/v2\/pages\/259"}],"wp:attachment":[{"href":"http:\/\/infoglobaldys.com.tr\/index.php\/wp-json\/wp\/v2\/media?parent=298"}],"curies":[{"name":"wp","href":"https:\/\/api.w.org\/{rel}","templated":true}]}}